 to base 4
-12200003013
What is -5453 (base 15) in base 7?
-103023
Convert -10005442 (base 6) to base 3.
-112021201022
-5a02a (base 12) to base 15
-25cb4
What is 107353 (base 8) in base 9?
55162
Convert 450688 (base 12) to base 10.
1099976
Convert 2420434 (base 5) to base 7.
245354
23217 (base 11) to base 16
82ff
11410334141 (base 5) to base 3
221011022210120
What is a2d5a (base 15) in base 16?
7dfaa
What is -20000101200120 (base 3) in base 10?
-3196437
Convert -10300231112 (base 4) to base 16.
-130b56
72039 (base 14) to base 12
1129ab
Convert 19a8b (base 14) to base 7.
361034
What is -5343510 (base 6) in base 11?
-16a351
What is -4203342 (base 5) in base 12?
-34086
Convert 285da (base 15) to base 11.
893a0
What is -156140b (base 13) in base 6?
-402551444
Convert -5fedb (base 16) to base 4.
-1133323123
What is 11111001100011111 (base 2) in base 13?
4620b
-d2099 (base 15) to base 4
-2202112323
What is -8aa3a (base 12) in base 5?
-21402104
Convert 24762 (base 13) to base 9.
112126
What is -101000101011110 (base 2) in base 13?
-9634
-84430 (base 11) to base 4
-132001121
-235231 (base 7) to base 11
-2a055
Convert 103110 (base 6) to base 3.
102121120
What is 2100010220 (base 3) in base 11?
31648
What is -10433343 (base 8) in base 9?
-4186736
-342435540 (base 6) to base 15
-843270
Convert -1a6c6b (base 14) to base 5.
-220102040
Convert 16432517 (base 10) to base 8.
76536605
What is -442210000 (base 5) in base 16?
-1d3125
What is -211e6 (base 16) in base 2?
-100001000111100110
Convert 4032756 (base 8) to base 10.
1062382
What is 3154206 (base 8) in base 2?
11001101100010000110
412a14 (base 13) to base 3
2212012211011
57657225 (base 8) to base 16
bf5e95
What is -101110000100110000101 (base 2) in base 14?
-2b42c5
-234a6 (base 12) to base 11
-32643
Convert -e7e3e (base 16) to base 15.
-13b667
Convert 5165364 (base 9) to base 12.
b10b7a
Convert -4312410 (base 6) to base 10.
-211830
What is -b5514 (base 14) in base 10?
-437294
-200311210 (base 4) to base 5
-13301000
-7a4ed (base 16) to base 8
-1722355
-1142c (base 14) to base 12
-20368
Convert 110111130231 (base 4) to base 15.
704723
What is 10101101110100110000 (base 2) in base 5?
140240414
Convert 827145 (base 11) to base 13.
376117
What is 15bdd3 (base 14) in base 2?
10111010001111000101
-4166132 (base 8) to base 14
-20c282
Convert da4a (base 16) to base 14.
16518
21130344 (base 5) to base 15
37684
Convert -2086362 (base 9) to base 10.
-1120043
1031242 (base 7) to base 9
210817
Convert -521264 (base 7) to base 6.
-1525312
What is -49260 (base 10) in base 4?
-30001230
What is 148536 (base 11) in base 4?
320113323
Convert -212100000120022 (base 3) to base 7.
-210255440
What is 32041406 (base 7) in base 4?
22113012230
Convert -2412821 (base 10) to base 3.
-11112120202202
1000000100111101110 (base 2) to base 11
170954
10000111011110011 (base 2) to base 8
207363
What is -4359a2 (base 16) in base 9?
-8266606
What is -2301420441 (base 5) in base 15?
-6ad581
Convert -12002021100122 (base 3) to base 12.
-aa3752
-9278 (base 12) to base 9
-23762
What is 1122311041 (base 5) in base 13?
6ac9b0
-251835 (base 9) to base 4
-211023320
What is 165832 (base 9) in base 16?
19151
8e91 (base 16) to base 8
107221
Convert -1020201000010 (base 3) to base 12.
-27baa9
-5036500 (base 8) to base 5
-314421100
Convert 62465 (base 7) to base 13.
6c98
What is -41445611 (base 7) in base 11?
-1a74657
What is -6124699 (base 10) in base 11?
-3503639
-c949 (base 14) to base 8
-103705
Convert 3529627 (base 10) to base 11.
1aa0952
b96a9b (base 12) to base 2
1011001100101110010111
Convert 1002122200222 (base 3) to base 11.
369608
What is -172083 (base 16) in base 8?
-5620203
-1310321201 (base 4) to base 2
-1110100111001100001
Convert 135253210 (base 6) to base 4.
22211212212
6a8323 (base 13) to base 11
1479a36
What is -36033065 (base 7) in base 8?
-14114242
What is -b03be (base 15) in base 11?
-351037
Convert 46d21 (base 14) to base 16.
2a2a1
Convert 1024432122 (base 5) to base 16.
215d29
Convert -4465f (base 16) to base 8.
-1043137
What is -1e797 (base 16) in base 12?
-6029b
Convert 32a45 (base 14) to base 4.
131332011
What is 1069a13 (base 11) in base 4?
13021023202
25340a7 (base 11) to base 8
20615255
Convert -c18b78 (base 15) to base 6.
-525010505
-1797f5 (base 16) to base 7
-16066646
110555522 (base 6) to base 13
5531c0
What is 570727 (base 9) in base 7?
2622253
Convert a58483 (base 15) to base 14.
108dc0a
Convert 4331033 (base 5) to base 13.
27831
What is -20211022222200 (base 3) in base 14?
-6a634c
What is 110101000101100011 (base 2) in base 13?
77c85
5a9b1 (base 16) to base 15
74e66
34220044 (base 5) to base 12
1281a7
Convert -14460a (base 13) to base 11.
-309188
-355223 (base 6) to base 16
-78ff
-2013124132 (base 5) to base 15
-54ad7c
-4434034 (base 9) to base 5
-1102301330
Convert -242d0 (base 15) to base 9.
-185256
What is 2434310424 (base 5) in base 16?
58217b
-2130122100 (base 4) to base 8
-2343220
Convert 25a27 (base 14) to base 5.
10430142
What is d53dc (base 14) in base 7?
4240165
-10100011100010011110 (base 2) to base 10
-669854
-112111121 (base 3) to base 12
-6151
112101000 (base 3) to base 13
49cb
323030 (base 10) to base 12
136b32
Convert -349276 (base 10) to base 14.
-91404
Convert -1ab77 (base 12) to base 8.
-115413
What is 485706 (base 15) in base 7?
41263152
What is -1406325 (base 7) in base 8?
-555335
b4a81 (base 13) to base 5
40343004
15b9aac (base 13) to base 10
7019050
Convert -337825 (base 9) to base 11.
-129246
What is -3453442 (base 8) in base 12?
-393a56
-1001112221020 (base 3) to base 12
-2312a3
120031003 (base 4) to base 7
562015
-4946254 (base 10) to base 15
-67a854
Convert -1e4e1 (base 15) to base 12.
-4934a
1990843 (base 11) to base 9
6271488
What is a7bc16 (base 13) in base 9?
7363345
-53192 (base 12) to base 2
-11010101000111110
What is 1233400124 (base 5) in base 16?
2e34c4
What is -109999 (base 10) in base 11?
-7570a
What is 222222110122 (base 3) in base 16?
81a6d
2136a4a (base 12) to base 14
b9c09c
-83bca9 (base 13) to base 14
-5a3449
What is -15053433 (base 6) in base 7?
-4265343
-16340 (base 8) to base 15
-22cc
What is -3301331 (base 6) in base 10?
-163639
Convert -5784754 (base 9) to base 16.
-2fb528
Convert -2447761 (base 8) to base 15.
-d53a0
-28249 (base 12) to base 8
-154531
Convert 48454 (base 12) to base 6.
2030544
What is -452675 (base 8) in base 12?
-74679
-908313 (base 16) to base 6
-534554003
Convert 1670562 (base 8) to base 10.
487794
11233113310 (base 4) to base 11
938600
Convert -524447 (base 9) to base 13.
-abb11
What is 890a3 (base 11) in base 15?
2844a
Convert 280a48 (base 11) to base 13.
125660
234211201 (base 5) to base 12
443bb4
109985 (base 13) to base 7
3223613
What is -1010101110111101001 (base 2) in base 7?
-2663266
What is 8862 (base 12) in base 16?
3aca
1d6b2 (base 16) to base 6
2325510
Convert -11c8410 (base 14) to base 16.
-827abe
What is 330490 (base 10) in base 6?
11030014
59906d (base 15) to base 10
4282978
-3418754 (base 9) to base 4
-13002011020
What is 101010011101011101011 (base 2) in base 11?
870374
10a528c (base 13) to base 3
100122022121112
Convert a221 (base 11) to base 15.
4050
-701247 (base 9) to base 4
-1211021011
What is 868375 (base 10) in base 14?
18866b
What is ab3362 (base 12) in base 2?
1010011000100100111010
122210010312 (base 4) to base 10
6963510
c9c9 (base 16) to base 5
3123112
Convert -1301102 (base 7) to base 15.
-34dae
Convert 649a69 (base 14) to base 12.
1183a25
4243 (base 14) to base 4
2302203
What is -1421756 (base 10) in base 9?
-2606248
Convert 22212100212010 (base 3) to base 15.
630e9c
Convert 7505013 (base 8) to base 5.
1003021134
What is 744015 (base 8) in base 13?
88a52
-76552 (base 10) to base 2
-10010101100001000
What is -113442213 (base 5) in base 16?
-819f5
What is -106620665 (base 7) in base 16?
-645a28
What is -709765 (base 12) in base 5?
-422232321
214aa6 (base 11) to base 10
343393
What is -221012020020 (base 3) in base 11?
-309628
What is 17688324 (base 9) in base 16?
880bdf
What is -1102011020212 (base 3) in base 2?
-10110111010111001111
-288159 (base 11) to base 12
-198553
What is 129a85 (base 11) in base 15?
404e5
Convert 82430 (base 10) to base 6.
1433342
101104 (base 8) to base 11
23067
15b105 (base 13) to base 7
4401